{"id":41830,"date":"2022-12-10T14:20:50","date_gmt":"2022-12-10T13:20:50","guid":{"rendered":"https:\/\/www.judiskkristnarelationer.se\/?page_id=41830"},"modified":"2026-04-01T13:20:30","modified_gmt":"2026-04-01T11:20:30","slug":"hem","status":"publish","type":"page","link":"https:\/\/www.judiskkristnarelationer.se\/","title":{"rendered":"Hem"},"content":{"rendered":"\n    \n    <section class=\"u-clearfix u-lightbox u-section-2\" id=\"sec-6e3a\">\n      <div class=\"u-clearfix u-sheet u-sheet-1\">\n        <div class=\"data-layout-selected u-clearfix u-expanded-width u-gutter-10 u-layout-wrap u-layout-wrap-1\">\n          <div class=\"u-layout\">\n            <div class=\"u-layout-row\">\n              <div class=\"u-size-42\">\n                <div class=\"u-layout-col\">\n                  <div class=\"u-container-style u-layout-cell u-opacity u-opacity-90 u-radius-5 u-shape-round u-size-30 u-white u-layout-cell-1\">\n                    <div class=\"u-border-1 u-border-custom-color-2 u-container-layout u-container-layout-1\">\n                      <div class=\"fr-view u-clearfix u-rich-text u-text u-text-1\">\n                        <h2 id=\"isPasted\" style=\"text-align: left;\"><span style=\"font-weight: 700;\">Insamlingsstiftelsen G\u00f6ran Larssons jubileumsfond\nf\u00f6r judisk-kristna relationer<\/span>\n                        <\/h2>\n                        <p style=\"text-align: left;\"><span style=\"font-weight: 700;\">Denna stiftelse grundades i samband med G\u00f6ran Larssons 50-\u00e5rsdag den&nbsp;<\/span><span style=\"font-weight: 700;\">21 maj 1999.<\/span>\n                        <\/p>\n                        <p style=\"text-align: left;\">Den vill p\u00e5 olika s\u00e4tt verka f\u00f6r att \u00f6ka f\u00f6rst\u00e5elsen mellan judar och kristna och fr\u00e4mja en teologisk f\u00f6rdjupning inom kristenheten n\u00e4r det g\u00e4ller sambandet mellan Gamla och Nya testamentet, judisk skrifttolkning, levande judendom och kristendomens djupa r\u00f6tter i judisk tro och judiskt liv.<\/p>\n                        <p style=\"text-align: left;\">Behovet av en verksamhet som syftar till att skapa respekt och empati f\u00f6r det judiska folket \u00e4r stort, alldeles s\u00e4rskilt med tanke p\u00e5 den uppflammande antisemitismen, om vilken vi f\u00e5r dagliga sm\u00e4rtsamma p\u00e5minnelser. Genom publicering av litteratur, f\u00f6rel\u00e4sningsverksamhet, kurser och seminarier, hoppas fonden kunna fr\u00e4mja sitt syfte.<\/p>\n                      <\/div>\n                      <img decoding=\"async\" class=\"u-border-1 u-border-palette-1-dark-1 u-image u-image-round u-radius-5 u-image-1\" src=\"https:\/\/www.judiskkristnarelationer.se\/wp-content\/uploads\/2026\/04\/goran_larsson.jpg\" alt=\"\" data-image-width=\"960\" data-image-height=\"1200\">\n                      <img decoding=\"async\" class=\"u-border-1 u-border-palette-1-dark-1 u-image u-image-round u-radius-5 u-image-2\" src=\"https:\/\/www.judiskkristnarelationer.se\/wp-content\/uploads\/2022\/12\/kotel2.jpg\" alt=\"\" data-image-width=\"1200\" data-image-height=\"900\">\n                      <p class=\"u-align-center u-small-text u-text u-text-variant u-text-2\"> V\u00e4stra muren \u00e4r judenhetens heligaste \u2013 och st\u00f6rsta \u2013 \u201dsynagoga\u201d. Under sabbaten och h\u00f6gtiderna fylls den ofta till bristningsgr\u00e4nsen.&nbsp;(Bild: G\u00f6ran Larsson \u00a9.<span style=\"font-style: italic;\"> )<\/span>\n                      <\/p>\n                      <p class=\"u-align-center u-small-text u-text u-text-variant u-text-3\"><span class=\"u-text-custom-color-2\">I samband med G\u00f6ran Larssons 50-\u00e5rsdag den 21 maj 1999 grundades \u201dInsamlingsstiftelsen G\u00f6ran Larssons jubileumsfond f\u00f6r judisk-kristna relationer\u201d.<\/span>\n                        <br>(Bild Janne\nLindberg \u00a9)\n                      <\/p>\n                    <\/div>\n                  <\/div>\n                  <div class=\"u-container-style u-layout-cell u-opacity u-opacity-90 u-radius-5 u-shape-round u-size-30 u-white u-layout-cell-2\">\n                    <div class=\"u-border-1 u-border-custom-color-2 u-container-layout u-valign-bottom u-container-layout-2\">\n                      <div class=\"u-container-style u-group u-opacity u-opacity-90 u-shape-rectangle u-group-1\">\n                        <div class=\"u-container-layout u-container-layout-3\">\n                          <div class=\"fr-view u-align-left u-clearfix u-rich-text u-text u-text-4\">\n                            <h3 id=\"isPasted\" style=\"text-align: center;\"><span style=\"font-weight: 700;\">G\u00f6rans nyhetsbrev f\u00f6r april \u00e4r nu skickat.<\/span>\n                            <\/h3>\n                          <\/div>\n                          <img decoding=\"async\" class=\"custom-expanded u-align-center-sm u-align-center-xs u-border-1 u-border-palette-1-dark-1 u-image u-image-round u-radius u-image-3\" src=\"https:\/\/www.judiskkristnarelationer.se\/wp-content\/uploads\/2026\/03\/arets_studenter.jpg\" data-image-width=\"1140\" data-image-height=\"804\">\n                          <p class=\"u-align-center u-small-text u-text u-text-variant u-text-5\"> Bild fr\u00e5n Hong Kong med \u00e5rets utexaminerade studenter med sina l\u00e4rare i en vacker omgivning.<\/p>\n                          <p class=\"u-text u-text-6\"> G\u00f6rans\nnyhetsbrev inf\u00f6r v\u00e5ren och p\u00e5sken \u00e4r nu skickat. D\u00e4r p\u00e5minner han om\nhur det judiska och kristna p\u00e5skfirandet sammanfaller och hur denna samtidighet\nofta lett till att relationen mellan judar och kristna just under p\u00e5sken varit\ns\u00e4rskilt sm\u00e4rtsam:<\/p>\n                          <blockquote class=\"u-text u-text-7\"><i><\/i>\u201d..\u200bN\u00e4r detta skrivs, g\u00e5r vi in i Stilla veckan,\nallts\u00e5\nden vecka som leder fram till L\u00e5ngfredagens djupa allvar\noch P\u00e5skdagens\njubel och ljus. Onsdag kv\u00e4ll den h\u00e4r veckan, allts\u00e5 den 1 april n\u00e4r m\u00e5nen blivit full, inleds\nden sju dagar l\u00e5nga\njudiska p\u00e5sken, <i><span style=\"font-weight: 700;\">Pesach<\/span>,<\/i>&nbsp;som ocks\u00e5 kallas f\u00f6r <span style=\"font-weight: 700;\"><i>Chag Hamatzot<\/i><\/span>,\n\u201dDet osyrade br\u00f6dets\nh\u00f6gtid\u201d,\noch <span style=\"font-weight: 700;\"><i>Zeman Cherutenu<\/i><\/span>, \u201dV\u00e5r frihets tid\u201d.&nbsp;\nS\u00e4llan blir relationen\nmellan judar och kristna satt p\u00e5 prov s\u00e5 djupt som just under\npassionstiden och p\u00e5sken, vilket har b\u00e5de historiska och\nteologiska orsaker. F\u00f6r en stiftelse som f\u00e5tt som huvuduppdrag att\ni ord och handling g\u00f6ra allt f\u00f6r att s\u00e5 l\u00e5ngt m\u00f6jligt \u00e4r undanr\u00f6ja de st\u00f6testenar och skiljemurar\nsom blivit den historiska f\u00f6ljden av en antijudisk\nobiblisk teologi, \u00e4r det angel\u00e4get att i denna kyrko\u00e5rstid p\u00e5minna om detta\nambivalenta samband. Judarna b\u00e4r p\u00e5 ett kollektivt minne\nsom g\u00e5r\ntillbaka till tidig kristen tid, d\u00e4r p\u00e5sken i kristna l\u00e4nder ofta blev allt\nannat \u00e4n\nderas \u201dfrihets tid\u201d\nutan kanske snarare en \u201df\u00f6rf\u00f6ljelsens tid\u201d.&nbsp;&nbsp; \u201d&nbsp;<b><\/b>\n                          <\/blockquote>\n                          <p class=\"u-text u-text-8\"> I sitt brev kommenterar G\u00f6ran ocks\u00e5 ett k\u00e4nt exempel p\u00e5 hur\nkristen teologi och f\u00f6rkunnelse ofta st\u00e4llt judar och kristna mot varandra utan\nn\u00e5gon historisk och biblisk grund.\n&nbsp;\nI brevet ger han ocks\u00e5 l\u00e4nken till ett viktigt och\naktuellt radioprogram om judiska barns utsatthet i dagens Sverige, d\u00e4r\nantisemitismen \u00f6ppet framtr\u00e4der med f\u00f6rnyad kraft.<\/p>\n                          <div class=\"fr-view u-clearfix u-rich-text u-text u-text-9\">\n                            <p><span class=\"u-text-custom-color-2\"><span style=\"font-style: italic;\">L\u00e4s rundbrevet<\/span><\/span>\n                              <a href=\"https:\/\/www.judiskkristnarelationer.se\/?p=41579\"><\/a><span class=\"u-text-custom-color-2\" style=\"font-weight: 700;\">\n                                <a class=\"u-active-none u-border-none u-btn u-button-link u-button-style u-hover-none u-none u-text-palette-1-base u-btn-1\" href=\"https:\/\/www.judiskkristnarelationer.se\/?p=43660\" target=\"\"><\/a><\/span>\n                              <a href=\"https:\/\/www.judiskkristnarelationer.se\/?p=43725\"><\/a><span class=\"u-text-custom-color-2\" style=\"font-weight: 700;\">\n                                <a class=\"u-active-none u-border-none u-btn u-button-link u-button-style u-hover-none u-none u-text-palette-1-base u-btn-2\" href=\"https:\/\/www.judiskkristnarelationer.se\/?p=43725\" target=\"\">H\u00c4R<\/a><\/span>\n                              <a href=\"https:\/\/www.judiskkristnarelationer.se\/?p=43725\">&nbsp;<\/a><span class=\"u-text-custom-color-2\">!<\/span>\n                            <\/p>\n                            <p><span class=\"u-text-custom-color-2\"><span style=\"font-style: italic;\">Ladda ner som PDF-fil<\/span>&nbsp;<\/span>\n                              <a href=\"https:\/\/www.judiskkristnarelationer.se\/wp-content\/uploads\/2024\/09\/rundbrev240912b.pdf\" target=\"_blank\" rel=\"noopener noreferrer\"><\/a><span style=\"font-weight: 700;\">\n                                <a href=\"https:\/\/www.judiskkristnarelationer.se\/wp-content\/uploads\/2024\/09\/rundbrev240912b.pdf\" target=\"_blank\" rel=\"noopener noreferrer\"><\/a><span class=\"u-text-palette-1-base\">\n                                  <a class=\"u-active-none u-border-none u-btn u-button-link u-button-style u-file-link u-hover-none u-none u-text-palette-1-base u-btn-3\" href=\"https:\/\/www.judiskkristnarelationer.se\/wp-content\/uploads\/2026\/03\/rundbrev260331.pdf\" rel=\"noopener noreferrer\" target=\"_blank\">H\u00c4R<\/a><\/span><\/span><span class=\"u-text-custom-color-2\">!<\/span>\n                            <\/p>\n                          <\/div>\n                        <\/div>\n                      <\/div>\n                    <\/div>\n                  <\/div>\n                <\/div>\n              <\/div>\n              <div class=\"u-size-18\">\n                <div class=\"u-layout-col\">\n                  <div class=\"u-container-style u-layout-cell u-opacity u-opacity-90 u-radius-5 u-shape-round u-size-60 u-white u-layout-cell-3\">\n                    <div class=\"u-border-1 u-border-custom-color-2 u-container-layout u-container-layout-4\">\n                      <div data-position=\"Primary Widget Area\" class=\"u-position u-spacing-5 u-position-1\">\n                        <div class=\"u-block u-indent-5 u-spacing-0\">\n                          <div class=\"u-block-container u-clearfix\">\n                            <h5 class=\"u-block-header u-h-spacing-3 u-text u-v-spacing-0 u-text-10\"><\/h5><!--block_content-->\n                            <div class=\"u-block-content u-spacing-3 u-text u-text-custom-color-2 u-text-default u-text-11\"><form role=\"search\" method=\"get\" action=\"https:\/\/www.judiskkristnarelationer.se\/\" class=\"wp-block-search__button-inside wp-block-search__icon-button aligncenter wp-block-search\"    ><label class=\"wp-block-search__label\" for=\"wp-block-search__input-1\" >S\u00f6k p\u00e5 sidorna:<\/label><div class=\"wp-block-search__inside-wrapper\"  style=\"width: 75%\"><input class=\"wp-block-search__input\" id=\"wp-block-search__input-1\" placeholder=\"\" value=\"\" type=\"search\" name=\"s\" required \/><button aria-label=\"S\u00f6k\" class=\"wp-block-search__button has-icon wp-element-button\" type=\"submit\" ><svg class=\"search-icon\" viewBox=\"0 0 24 24\" width=\"24\" height=\"24\">\n\t\t\t\t\t<path d=\"M13 5c-3.3 0-6 2.7-6 6 0 1.4.5 2.7 1.3 3.7l-3.8 3.8 1.1 1.1 3.8-3.8c1 .8 2.3 1.3 3.7 1.3 3.3 0 6-2.7 6-6S16.3 5 13 5zm0 10.5c-2.5 0-4.5-2-4.5-4.5s2-4.5 4.5-4.5 4.5 2 4.5 4.5-2 4.5-4.5 4.5z\"><\/path>\n\t\t\t\t<\/svg><\/button><\/div><\/form><\/div><!--\/block_content-->\n                          <\/div>\n                        <\/div>\n                        <div class=\"u-block u-indent-5 u-spacing-0\">\n                          <div class=\"u-block-container u-clearfix\">\n                            <h5 class=\"u-block-header u-h-spacing-3 u-text u-v-spacing-0 u-text-10\"><\/h5><!--block_content-->\n                            <div class=\"u-block-content u-spacing-3 u-text u-text-custom-color-2 u-text-default u-text-11\"><script data-js='tribe-events-view-nonce-data' type='application\/json'>{\"tvn1\":\"a4c993ff7f\",\"tvn2\":\"\"}<\/script>\n<div class=\"wp-block-group\"><div class=\"wp-block-group__inner-container is-layout-constrained wp-block-group-is-layout-constrained\">\n<div class=\"wp-block-group\"><div class=\"wp-block-group__inner-container is-layout-constrained wp-block-group-is-layout-constrained\">\n<div class=\"wp-block-columns are-vertically-aligned-top has-black-color has-text-color has-small-font-size is-layout-flex wp-container-core-columns-is-layout-8f761849 wp-block-columns-is-layout-flex\" style=\"font-style:normal;font-weight:400\">\n<div class=\"wp-block-column is-vertically-aligned-top is-layout-flow wp-block-column-is-layout-flow\" style=\"flex-basis:100%\"><div class=\"wp-widget-group__inner-blocks\">\n<div style=\"color:#2C3E50;padding:15px\" class=\"wp-block-tnp-minimal\"><p><strong>Prenumerera p\u00e5 Rundbrevet!!<\/strong><\/p><div><div class=\"tnp tnp-subscription \">\n<form method=\"post\" action=\"https:\/\/www.judiskkristnarelationer.se\/wp-admin\/admin-ajax.php?action=tnp&amp;na=s\">\n<input type=\"hidden\" name=\"nlang\" value=\"\">\n<div class=\"tnp-field tnp-field-firstname\"><label for=\"tnp-1\">F\u00f6rnamn<\/label>\n<input class=\"tnp-name\" type=\"text\" name=\"nn\" id=\"tnp-1\" value=\"\" placeholder=\"\" required><\/div>\n<div class=\"tnp-field tnp-field-surname\"><label for=\"tnp-2\">Efternamn<\/label>\n<input class=\"tnp-surname\" type=\"text\" name=\"ns\" id=\"tnp-2\" value=\"\" placeholder=\"\" required><\/div><div class=\"tnp-field tnp-field-email\"><label for=\"tnp-3\">E-post<\/label>\n<input class=\"tnp-email\" type=\"email\" name=\"ne\" id=\"tnp-3\" value=\"\" placeholder=\"\" required><\/div>\n<div class=\"tnp-field tnp-privacy-field\"><label><input type=\"checkbox\" name=\"ny\" required class=\"tnp-privacy\"> <a target=\"_blank\" href=\"https:\/\/www.imy.se\/verksamhet\/dataskydd\/det-har-galler-enligt-gdpr\/\">Jag accepterar anv\u00e4ndandet av GDPR.<\/a><\/label><\/div><div class=\"tnp-field tnp-field-button\" style=\"text-align: left\"><input class=\"tnp-submit\" type=\"submit\" value=\"Prenumerera\" style=\"background-color:#2980B9;\">\n<\/div>\n<\/form>\n<\/div>\n<\/div><\/div>\n<\/div><\/div>\n<\/div>\n<\/div><\/div>\n<\/div><\/div>\n<\/div><!--\/block_content-->\n                          <\/div>\n                        <\/div>\n                        <div class=\"u-block u-indent-5 u-spacing-0\">\n                          <div class=\"u-block-container u-clearfix\">\n                            <h5 class=\"u-block-header u-h-spacing-3 u-text u-v-spacing-0 u-text-10\"><\/h5><!--block_content-->\n                            <div class=\"u-block-content u-spacing-3 u-text u-text-custom-color-2 u-text-default u-text-11\"><ul><li><label>Online Visitors:&nbsp;<\/label>0<\/li><\/ul><\/div><!--\/block_content-->\n                          <\/div>\n                        <\/div>\n                      <\/div>\n                    <\/div>\n                  <\/div>\n                <\/div>\n              <\/div>\n            <\/div>\n          <\/div>\n        <\/div>\n      <\/div>\n    <\/section>\n    <section class=\"u-clearfix u-section-3\" id=\"sec-a524\">\n      <div class=\"u-clearfix u-sheet u-valign-middle u-sheet-1\">\n        <div class=\"u-border-1 u-border-palette-1-dark-2 u-container-style u-expanded-width u-group u-opacity u-opacity-90 u-radius-5 u-shape-round u-white u-group-1\">\n          <div class=\"u-container-layout u-valign-bottom-sm u-valign-bottom-xs u-container-layout-1\">\n            <div class=\"fr-view u-clearfix u-rich-text u-text u-text-1\">\n              <h5 id=\"isPasted\"><span class=\"u-custom-font\" style=\"font-family: &quot;Playfair Display&quot;; font-size: 1.875rem;\">F\u00f6rskjutningar:&nbsp;<\/span>\n                <br><span class=\"u-custom-font\" style=\"font-family: &quot;Playfair Display&quot;; font-size: 1.875rem;\">Avg\u00f6rande skiften i relationen mellan judar och kristna.<\/span>\n              <\/h5>\n              <h1 style=\"line-height: 0.8;\"><span class=\"u-text-palette-1-dark-2\">&nbsp;<\/span>\n                <br><span style=\"font-size: 1rem;\"><span style=\"font-weight: 700;\">F\u00f6rskjutningar: Avg\u00f6rande skiften i relationen mellan judar och kristna<\/span> (Skellefte\u00e5: Artos &amp;&nbsp;Norma bokf\u00f6rlag 2022). Redakt\u00f6rer: Tord Fornberg, G\u00f6ran Larsson. 209 sidor.<br style=\"box-sizing: border-box;\">Boken \u00e4r nr 6 i Jubileumsfondens skriftserie \u201dSkrifter om judisk och kristen tro och tradition\u201d.&nbsp;<\/span>\n              <\/h1>\n              <p><span class=\"u-text-palette-1-dark-2\">Mer information finns&nbsp;<\/span>\n                <a href=\"https:\/\/www.judiskkristnarelationer.se\/?page_id=40238\"><\/a><span class=\"u-text-palette-1-dark-2\" style=\"font-weight: 700;\">\n                  <a class=\"u-active-none u-border-none u-btn u-button-style u-hover-none u-none u-text-palette-1-base u-btn-1\" href=\"https:\/\/www.judiskkristnarelationer.se\/?page_id=41362\">H\u00c4R<\/a><\/span><span class=\"u-text-palette-1-dark-2\">.<\/span>\n              <\/p>\n            <\/div>\n            <blockquote class=\"u-text u-text-2\"> Denna bok \u00e4r en antologi, allts\u00e5 en samling artiklar som f\u00f6renas av ett grundtema \u2013 relationen mellan judar och kristna. Denna relation \u00e4r mycket speciell. Det \u00e4r inte l\u00e4tt att finna tv\u00e5 trosgemenskaper som p\u00e5 en och samma g\u00e5ng st\u00e5r s\u00e5 n\u00e4ra och s\u00e5 l\u00e5ngt fr\u00e5n varandra. Inte s\u00e4llan har kristna motiverat sin existens genom att framst\u00e4lla judar och judendom som det fr\u00e4msta exemplet p\u00e5 vad kristen tro&nbsp;inte&nbsp;\u00e4r eller b\u00f6r vara. En s\u00e5dan syn har f\u00e5tt sv\u00e5ra och sm\u00e4rtsamma konsekvenser f\u00f6r det judiska folket under historiens g\u00e5ng, och de senaste hundra \u00e5ren har gett s\u00e4rskilt tydliga exempel p\u00e5 det v\u00e4rsta i relationen mellan judar och kristna \u2013 men ocks\u00e5 p\u00e5 det b\u00e4sta. Ett ord \u00e4r mycket v\u00e4l l\u00e4mpat att sammanfatta dessa b\u00e5da aspekter, och det har d\u00e4rf\u00f6r f\u00e5tt ge namn \u00e5t v\u00e5r bok:&nbsp;F\u00f6rskjutningar, med den f\u00f6rklarande underrubriken&nbsp;Avg\u00f6rande skiften i relationen mellan judar och kristna.<\/blockquote>\n            <img decoding=\"async\" class=\"u-expanded-width-xs u-image u-image-contain u-image-default u-image-1\" src=\"https:\/\/www.judiskkristnarelationer.se\/wp-content\/uploads\/2022\/05\/forskjutningar_1pageweb_72dpi.jpg\" alt=\"\" data-image-width=\"883\" data-image-height=\"1215\">\n          <\/div>\n        <\/div>\n      <\/div>\n    <\/section>\n    <section class=\"u-clearfix u-lightbox u-section-4\" id=\"sec-160f\">\n      <div class=\"u-clearfix u-sheet u-sheet-1\">\n        <div class=\"u-border-1 u-border-palette-1-dark-1 u-container-style u-expanded-width u-group u-opacity u-opacity-90 u-radius-5 u-shape-round u-white u-group-1\">\n          <div class=\"u-container-layout u-container-layout-1\">\n            <div class=\"fr-view u-clearfix u-rich-text u-text u-text-1\">\n              <h3 id=\"isPasted\">G\u00f6ran Larsson och Jubileumsfonden jubilerade 2019!<\/h3>\n              <p>L\u00e4s vad fondens styrelse skriver<\/p>\n            <\/div>\n            <a href=\"https:\/\/www.judiskkristnarelationer.se\/?p=22457\" class=\"u-active-white u-border-1 u-border-active-palette-1-dark-2 u-border-hover-palette-1-dark-2 u-border-palette-1-dark-2 u-btn u-button-style u-hover-palette-1-dark-1 u-palette-1-base u-btn-1\">H\u00e4r<\/a>\n          <\/div>\n        <\/div>\n      <\/div>\n    <\/section>\n    \n    \n    \n  \n","protected":false},"excerpt":{"rendered":"<p>Insamlingsstiftelsen G\u00f6ran Larssons jubileumsfond f\u00f6r judisk-kristna relationer Denna stiftelse grundades i samband med G\u00f6ran Larssons 50-\u00e5rsdag den&nbsp;21 maj 1999. Den vill p\u00e5 olika s\u00e4tt verka f\u00f6r att \u00f6ka f\u00f6rst\u00e5elsen mellan &hellip; <a href=\"https:\/\/www.judiskkristnarelationer.se\/\" class=\"more-link\">Continue reading<span class=\"screen-reader-text\"> &#8220;Hem&#8221;<\/span><\/a><\/p>\n","protected":false},"author":2,"featured_media":0,"parent":0,"menu_order":1,"comment_status":"closed","ping_status":"closed","template":"","meta":{"_crdt_document":"","cybocfi_hide_featured_image":"","footnotes":""},"class_list":["post-41830","page","type-page","status-publish","hentry"],"_links":{"self":[{"href":"https:\/\/www.judiskkristnarelationer.se\/index.php?rest_route=\/wp\/v2\/pages\/41830","targetHints":{"allow":["GET"]}}],"collection":[{"href":"https:\/\/www.judiskkristnarelationer.se\/index.php?rest_route=\/wp\/v2\/pages"}],"about":[{"href":"https:\/\/www.judiskkristnarelationer.se\/index.php?rest_route=\/wp\/v2\/types\/page"}],"author":[{"embeddable":true,"href":"https:\/\/www.judiskkristnarelationer.se\/index.php?rest_route=\/wp\/v2\/users\/2"}],"replies":[{"embeddable":true,"href":"https:\/\/www.judiskkristnarelationer.se\/index.php?rest_route=%2Fwp%2Fv2%2Fcomments&post=41830"}],"version-history":[{"count":167,"href":"https:\/\/www.judiskkristnarelationer.se\/index.php?rest_route=\/wp\/v2\/pages\/41830\/revisions"}],"predecessor-version":[{"id":43776,"href":"https:\/\/www.judiskkristnarelationer.se\/index.php?rest_route=\/wp\/v2\/pages\/41830\/revisions\/43776"}],"wp:attachment":[{"href":"https:\/\/www.judiskkristnarelationer.se\/index.php?rest_route=%2Fwp%2Fv2%2Fmedia&parent=41830"}],"curies":[{"name":"wp","href":"https:\/\/api.w.org\/{rel}","templated":true}]}}