{"id":191,"date":"2016-04-03T13:26:55","date_gmt":"2016-04-03T11:26:55","guid":{"rendered":"http:\/\/www.judiskkristnarelationer.se\/?page_id=191"},"modified":"2022-12-10T18:34:07","modified_gmt":"2022-12-10T17:34:07","slug":"stadgar","status":"publish","type":"page","link":"https:\/\/www.judiskkristnarelationer.se\/?page_id=191","title":{"rendered":"Stadgar"},"content":{"rendered":"<h2 style=\"text-align: left;\">G\u00f6ran Larssons jubileumsfond f\u00f6r judisk-kristna relationer<\/h2>\n<p style=\"text-align: left;\">\u00a0 <strong>Stadgar f\u00f6r insamlingsstiftelsen<\/strong><\/p>\n<h2 style=\"text-align: left;\"><strong>\u00a7 1 Stiftelsens \u00e4ndam\u00e5l <\/strong><\/h2>\n<p style=\"padding-left: 30px; text-align: left;\">Stiftelsens \u00e4ndam\u00e5l \u00e4r att verka f\u00f6r f\u00f6rb\u00e4ttrade judisk-kristna relationer. Stiftelsen avser att genom insamlingar och g\u00e5vor st\u00f6dja initiativ som fr\u00e4mjar judisk-kristna relationer.<\/p>\n<p style=\"text-align: left;\"><strong>\u00a7 2 F\u00f6rvaltning <\/strong><\/p>\n<p style=\"padding-left: 30px; text-align: left;\">Stiftelsens styrelse ska best\u00e5 av minst tv\u00e5 och h\u00f6gst sex ledam\u00f6ter. Styrelsen utser vid behov nya styrelsemedlemmar. Styrelseuppdragen ska g\u00e4lla till dess ledamot sj\u00e4lv v\u00e4ljer att avg\u00e5, till dess en majoritet av styrelsen beslutar om ledamots entledigande eller d\u00e5 ledamot avlider. Vid ledamots avg\u00e5ng utses ev. eftertr\u00e4dare av styrelsen. Minst tv\u00e5 tredjedelar av styrelsens ledam\u00f6ter ska delta vid detta tillf\u00e4lle. Styrelsen utser vid l\u00e4mplig tid en s\u00e5 kallad advisory board, vars uppdrag \u00e4r att till stiftelsens ledning ge id\u00e9er, uppslag och annan l\u00e4mplig input som \u00e4r till nytta f\u00f6r stiftelsens fortsatta arbete.<\/p>\n<p style=\"text-align: left;\"><strong>\u00a7 3 <\/strong><\/p>\n<p style=\"padding-left: 30px; text-align: left;\">Styrelsen v\u00e4ljer inom sig ordf\u00f6rande, vice ordf\u00f6rande och sekreterare. Styrelsen v\u00e4ljer inom eller utom sig de \u00f6vriga funktion\u00e4rer den finner l\u00e4mplig.<\/p>\n<p style=\"text-align: left;\"><strong>\u00a7 4<\/strong><\/p>\n<p style=\"padding-left: 30px; text-align: left;\">Till styrelsen utg\u00e5r ingen ers\u00e4ttning f\u00f6r styrelseuppdraget. Resekostnad kan ges efter styrelsens godk\u00e4nnande.<\/p>\n<p style=\"text-align: left;\"><strong>\u00a7 5 <\/strong><\/p>\n<p style=\"padding-left: 30px; text-align: left;\">Stiftelsens firma tecknas av den eller dem som styrelsen d\u00e4rtill utser.<\/p>\n<p style=\"text-align: left;\"><strong>\u00a7 6 <\/strong><\/p>\n<p style=\"padding-left: 30px; text-align: left;\">Ordf\u00f6rande ska tillse att sammantr\u00e4den h\u00e5lles n\u00e4r s\u00e5 beh\u00f6vs och kallar h\u00e4rtill skriftligt eller muntligt. N\u00f6dv\u00e4ndig dokumentation ska \u00e5tf\u00f6lja kallelsen n\u00e4r fr\u00e5gor av st\u00f6rre vikt ska behandlas. Ordf\u00f6randen \u00e4r skyldig att kalla till sammantr\u00e4de inom fjorton dagar efter det att minst tv\u00e5 ledam\u00f6ter beg\u00e4rt detta.<\/p>\n<p style=\"text-align: left;\"><strong>\u00a7 7 <\/strong><\/p>\n<p style=\"padding-left: 30px; text-align: left;\">N\u00e4r icke enligt dessa stadgar annat f\u00f6reskrives \u00e4r styrelsen beslutsf\u00f6r med minst h\u00e4lften av ledam\u00f6terna n\u00e4rvarande varav en m\u00e5ste vara ordf\u00f6randen. Beslut fattas med enkel majoritet n\u00e4r ej annat f\u00f6reskrivs i stadgarna. Ordf\u00f6randen har utslagsr\u00f6st vid lika r\u00f6stetal.<\/p>\n<p style=\"text-align: left;\"><strong>\u00a7 8 <\/strong><\/p>\n<p style=\"padding-left: 30px; text-align: left;\">Vid stiftelsens styrelsesammantr\u00e4de ska f\u00f6ras protokoll som ska justeras av ordf\u00f6randen. Protokollen ska f\u00f6ras i nummerf\u00f6ljd och f\u00f6rvaras p\u00e5 betryggande s\u00e4tt.<\/p>\n<p style=\"text-align: left;\"><strong>\u00a7 9 Bokf\u00f6ring, beslut och revision <\/strong><\/p>\n<p style=\"padding-left: 30px; text-align: left;\">Stiftelsen \u00e4r bokf\u00f6ringsskyldig enligt stiftelselagen och ska efter varje verksamhets\u00e5r uppr\u00e4tta bokslut och genomg\u00e5 lagstadgad revision.<\/p>\n<p style=\"text-align: left;\"><strong>\u00a7 10 <\/strong><\/p>\n<p style=\"padding-left: 30px; text-align: left;\">Av styrelsen f\u00f6rordnad revisor\/suppleant fullg\u00f6r sitt uppdrag tills vidare om ej styrelsen annat beslutar.<\/p>\n<p style=\"text-align: left;\"><strong>\u00a7 11 <\/strong><\/p>\n<p style=\"padding-left: 30px; text-align: left;\">Senast den 31 mars \u00e5ret efter ett r\u00e4kenskaps\u00e5rs slut ska styrelsens f\u00f6rvaltningsber\u00e4ttelse och f\u00f6reg\u00e5ende \u00e5rs r\u00e4kenskaper \u00f6verl\u00e4mnas till stiftelsens revisor, vilken inom tv\u00e5 m\u00e5nader ska avge revisionsber\u00e4ttelse med angivande huruvida styrelsen f\u00f6rvaltat stiftelsen i enlighet med stadgarna, god stiftelsesed och g\u00e4llande lagstiftning.<\/p>\n<p style=\"text-align: left;\"><strong>\u00a7 12 \u00c4ndringar av stadgar <\/strong><\/p>\n<p style=\"padding-left: 30px; text-align: left;\">\u00c4ndring av stiftelsens stadgar f\u00e5r beslutas endast av en fulltalig och enh\u00e4llig styrelse. Vid \u00e4ndring av stiftelsens \u00e4ndam\u00e5l g\u00e4ller den f\u00f6r permutation lagstadgad ordning.<\/p>\n<p style=\"text-align: left;\"><strong>\u00a7 13 <\/strong><\/p>\n<p style=\"padding-left: 30px; text-align: left;\">Stiftelsen ska st\u00e5 under tillsyn enligt stiftelselagen (1994:1220).<\/p>\n<p style=\"text-align: left;\">\u00a0 Lund den 20 oktober 1999 <em>Birgitta Waern \u00a0 \u00a0 Jesper Svartvik \u00a0 \u00a0 Anita Taranger \u00a0 \u00a0 Ingrid T\u00f6rneberg<\/em><\/p>\n<p style=\"text-align: left;\">\n<p style=\"text-align: left;\">\n","protected":false},"excerpt":{"rendered":"<p>G\u00f6ran Larssons jubileumsfond f\u00f6r judisk-kristna relationer \u00a0 Stadgar f\u00f6r insamlingsstiftelsen \u00a7 1 Stiftelsens \u00e4ndam\u00e5l Stiftelsens \u00e4ndam\u00e5l \u00e4r att verka f\u00f6r f\u00f6rb\u00e4ttrade judisk-kristna relationer. Stiftelsen avser att genom insamlingar och g\u00e5vor &hellip; <a href=\"https:\/\/www.judiskkristnarelationer.se\/?page_id=191\" class=\"more-link\">Continue reading<span class=\"screen-reader-text\"> &#8220;Stadgar&#8221;<\/span><\/a><\/p>\n","protected":false},"author":2,"featured_media":0,"parent":0,"menu_order":0,"comment_status":"closed","ping_status":"closed","template":"","meta":{"_crdt_document":"","cybocfi_hide_featured_image":"","footnotes":""},"class_list":["post-191","page","type-page","status-publish","hentry"],"_links":{"self":[{"href":"https:\/\/www.judiskkristnarelationer.se\/index.php?rest_route=\/wp\/v2\/pages\/191","targetHints":{"allow":["GET"]}}],"collection":[{"href":"https:\/\/www.judiskkristnarelationer.se\/index.php?rest_route=\/wp\/v2\/pages"}],"about":[{"href":"https:\/\/www.judiskkristnarelationer.se\/index.php?rest_route=\/wp\/v2\/types\/page"}],"author":[{"embeddable":true,"href":"https:\/\/www.judiskkristnarelationer.se\/index.php?rest_route=\/wp\/v2\/users\/2"}],"replies":[{"embeddable":true,"href":"https:\/\/www.judiskkristnarelationer.se\/index.php?rest_route=%2Fwp%2Fv2%2Fcomments&post=191"}],"version-history":[{"count":6,"href":"https:\/\/www.judiskkristnarelationer.se\/index.php?rest_route=\/wp\/v2\/pages\/191\/revisions"}],"predecessor-version":[{"id":41933,"href":"https:\/\/www.judiskkristnarelationer.se\/index.php?rest_route=\/wp\/v2\/pages\/191\/revisions\/41933"}],"wp:attachment":[{"href":"https:\/\/www.judiskkristnarelationer.se\/index.php?rest_route=%2Fwp%2Fv2%2Fmedia&parent=191"}],"curies":[{"name":"wp","href":"https:\/\/api.w.org\/{rel}","templated":true}]}}